What is the hundreds digit of 22953?
9
What is the hundreds digit of 4130?
1
What is the units digit of 10165?
5
What is the units digit of 28424?
4
What is the units digit of 3423?
3
What is the thousands digit of 1125?
1
What is the hundreds digit of 10638?
6
What is the hundreds digit of 2399?
3
What is the hundreds digit of 23889?
8
What is the thousands digit of 1224?
1
What is the hundreds digit of 98328?
3
What is the tens digit of 29781?
8
What is the ten thousands digit of 29511?
2
What is the ten thousands digit of 30529?
3
What is the ten thousands digit of 34010?
3
What is the hundreds digit of 616?
6
What is the units digit of 6078?
8
What is the units digit of 1465?
5
What is the units digit of 14023?
3
What is the tens digit of 51664?
6
What is the hundreds digit of 8179?
1
What is the thousands digit of 2856?
2
What is the units digit of 1001?
1
What is the hundreds digit of 123159?
1
What is the ten thousands digit of 137269?
3
What is the hundreds digit of 1340?
3
What is the units digit of 50469?
9
What is the tens digit of 3822?
2
What is the hundreds digit of 13383?
3
What is the units digit of 84444?
4
What is the units digit of 2250?
0
What is the thousands digit of 42588?
2
What is the ten thousands digit of 130481?
3
What is the units digit of 748?
8
What is the units digit of 142585?
5
What is the units digit of 2060?
0
What is the tens digit of 2705?
0
What is the units digit of 585?
5
What is the tens digit of 362?
6
What is the thousands digit of 58070?
8
What is the ten thousands digit of 94419?
9
What is the units digit of 14273?
3
What is the hundreds digit of 184693?
6
What is the units digit of 12242?
2
What is the units digit of 24055?
5
What is the hundreds digit of 1810?
8
What is the ten thousands digit of 20840?
2
What is the units digit of 1991?
1
What is the tens digit of 845?
4
What is the units digit of 17839?
9
What is the units digit of 757?
7
What is the tens digit of 70?
7
What is the units digit of 65417?
7
What is the thousands digit of 5947?
5
What is the units digit of 3670?
0
What is the units digit of 1636?
6
What is the hundreds digit of 6136?
1
What is the hundreds digit of 6487?
4
What is the tens digit of 2759?
5
What is the hundreds digit of 36914?
9
What is the hundreds digit of 107?
1
What is the units digit of 19524?
4
What is the thousands digit of 7033?
7
What is the thousands digit of 1610?
1
What is the tens digit of 1235?
3
What is the ten thousands digit of 41209?
4
What is the thousands digit of 15731?
5
What is the hundreds digit of 967?
9
What is the units digit of 6599?
9
What is the tens digit of 1875?
7
What is the units digit of 1163?
3
What is the units digit of 18584?
4
What is the hundreds digit of 4598?
5
What is the units digit of 2753?
3
What is the units digit of 80?
0
What is the hundreds digit of 41673?
6
What is the thousands digit of 23605?
3
What is the hundreds digit of 2590?
5
What is the units digit of 4806?
6
What is the units digit of 5082?
2
What is the units digit of 170615?
5
What is the hundreds digit of 54071?
0
What is the thousands digit of 19687?
9
What is the thousands digit of 41440?
1
What is the thousands digit of 1612?
1
What is the tens digit of 12515?
1
What is the thousands digit of 1302?
1
What is the units digit of 1150?
0
What is the units digit of 56016?
6
What is the tens digit of 1318?
1
What is the thousands digit of 21545?
1
What is the tens digit of 1508?
0
What is the ten thousands digit of 40974?
4
What is the units digit of 31147?
7
What is the thousands digit of 43259?
3
What is the tens digit of 531?
3
What is the units digit of 14144?
4
What is the hundreds digit of 188?
1
What is the hundreds digit of 2819?
8
What is the thousands digit of 14430?
4
What is the thousands digit of 34159?
4
What is the hundreds digit of 36759?
7
What is the units digit of 22098?
8
What is the units digit of 9698?
8
What is the thousands digit of 59607?
9
What is the units digit of 715?
5
What is the units digit of 23256?
6
What is the units digit of 51031?
1
What is the ten thousands digit of 14375?
1
What is the thousands digit of 4116?
4
What is the units digit of 1789?
9
What is the thousands digit of 50917?
0
What is the units digit of 59659?
9
What is the hundreds digit of 558?
5
What is the hundreds digit of 2167?
1
What is the hundreds digit of 61040?
0
What is the tens digit of 3929?
2
What is the thousands digit of 5003?
5
What is the tens digit of 72547?
4
What is the tens digit of 9857?
5
What is the units digit of 55719?
9
What is the units digit of 921?
1
What is the tens digit of 3003?
0
What is the tens digit of 1911?
1
What is the units digit of 170?
0
What is the hundreds digit of 18303?
3
What is the tens digit of 8067?
6
What is the tens digit of 8374?
7
What is the thousands digit of 1453?
1
What is the units digit of 4922?
2
What is the hundreds digit of 481?
4
What is the thousands digit of 2199?
2
What is the units digit of 1107?
7
What is the ten thousands digit of 35929?
3
What is the tens digit of 322?
2
What is the hundreds digit of 8260?
2
What is the hundreds digit of 5942?
9
What is the tens digit of 559?
5
What is the hundreds digit of 7254?
2
What is the tens digit of 5782?
8
What is the hundreds digit of 3104?
1
What is the units digit of 1333?
3
What is the units digit of 619?
9
What is the units digit of 770?
0
What is the units digit of 36812?
2
What is the units digit of 85475?
5
What is the hundreds digit of 645?
6
What is the hundreds digit of 1139?
1
What is the ten thousands digit of 24328?
2
What is the tens digit of 1035?
3
What is the thousands digit of 72805?
2
What is the hundreds digit of 42750?
7
What is the thousands digit of 3527?
3
What is the ten thousands digit of 58934?
5
What is the tens digit of 221?
2
What is the hundreds digit of 550?
5
What is the hundreds digit of 5295?
2
What is the units digit of 19256?
6
What is the thousands digit of 7945?
7
What is the ten thousands digit of 20775?
2
What is the thousands digit of 1200?
1
What is the thousands digit of 47167?
7
What is the units digit of 981?
1
What is the units digit of 517?
7
What is the hundreds digit of 1406?
4
What is the hundreds digit of 11233?
2
What is the units digit of 549?
9
What is the units digit of 24465?
5
What is the units digit of 5417?
7
What is the tens digit of 506?
0
What is the tens digit of 45326?
2
What is the units digit of 2449?
9
What is the tens digit of 82?
8
What is the ten thousands digit of 11759?
1
What is the units digit of 8046?
6
What is the units digit of 68909?
9
What is the thousands digit of 1404?
1
What is the units digit of 17694?
4
What is the hundreds digit of 52921?
9
What is the units digit of 6613?
3
What is the units digit of 2379?
9
What is the tens digit of 586?
8
What is the tens digit of 524?
2
What is the hundreds digit of 71183?
1
What is the hundreds digit of 192?
1
What is the hundreds digit of 59658?
6
What is the units digit of 1864?
4
What is the tens digit of 869?
6
What is the hundreds digit of 7378?
3
What is the tens digit of 2855?
5
What is the tens digit of 25?
2
What is the hundreds digit of 2074?
0
What is the tens digit of 74743?
4
What is the tens digit of 63?
6
What is the units digit of 2049?
9
What is the thousands digit of 1290?
1
What is the units digit of 9183?
3
What is the tens digit of 302?
0
What is the hundreds digit of 5504?
5
What is the tens digit of 7483?
8
What is the tens digit of 8800?
0
What is the units digit of 1180?
0
What is the hundreds digit of 31426?
4
What is the units digit of 338?
8
What is the tens digit of 2927?
2
What is the hundreds digit of 10575?
5
What is the tens digit of 3235?
3
What is the units digit of 6671?
1
What is the hundreds digit of 1023?
0
What is the ten thousands digit of 122822?
2
What is the thousands digit of 29535?
9
What is the tens digit of 3184?
8
What is the units digit of 56440?
0
What is the thousands digit of 15904?
5
What is the units digit of 74?
4
What is the thousands digit of 9062?
9
What is the hundred thousands digit of 109568?
1
What is the ten thousands digit of 10627?
1
What is the thousands digit of 2593?
2
What is the ten thousands digit of 38427?
3
What is the hundreds digit of 103